) = 121*t**2 + 127. Is a(-12) composite?
False
Let x = -2091 - -3238. Is x prime?
False
Let s = 6727 - 2526. Is s prime?
True
Suppose 2*m = -4*t + 12526, 0 = -13*m + 12*m - 3*t + 6264. Is m composite?
True
Let l = 22940 + -10747. Is l a prime number?
False
Suppose -9*b + 22 = -113. Is 879/b*(3 - -2) a composite number?
False
Suppose 0 = 3*y + 2*v - 558, 0 = -y - 2*v + 52 + 138. Let h = y + -129. Is h composite?
True
Let c be (-6)/(-14) - (-33)/21. Suppose -j + 19 = -c*j. Let n = j - -41. Is n prime?
False
Let a(h) = -h**3 - 6*h**2 + 9. Let c be a(-6). Suppose 0 = -c*t + 4*t. Suppose t = -l + 3*d + 199, -l - 4*d - 203 = -2*l. Is l a prime number?
False
Suppose 0 = 12*t - 223712 - 75604. Is t composite?
False
Let g = 85 + -79. Is (5 + 11132/12)/(4/g) a prime number?
True
Let p be -3 + -3*24/(-9). Suppose 16*c - 23*c = -4956. Suppose 4*f + 4*t - c = 0, f = p*f + 2*t - 712. Is f a composite number?
False
Let v(g) = -134*g**3 + 6*g**2 + 3*g - 9. Is v(-4) prime?
False
Let y be 2503 + (4 - 4 - 2). Suppose -4*u + y = 3*v, v + 346 = u - 274. Is u a prime number?
False
Let v(a) = 72*a**2 + 6*a + 5. Let k be v(5). Let m = k - 358. Is m a prime number?
False
Let v = -1600 + 2633. Suppose 211 + v = 2*j. Is j a composite number?
True
Let q(j) = 2*j**3 - 22*j**2 + 7*j + 45. Is q(14) a composite number?
False
Let v(s) = s**3 + 15*s**2 + 13*s + 3. Let u be v(-10). Suppose -3*g = 2*w - 285, 4*w + 168 = g + 717. Let j = u - w. Is j a composite number?
True
Let n = -92 - -100. Suppose 3*i - 4 = 5*z + 1, -4*i - 5*z - 5 = 0. Suppose -n*v + 7*v + 161 = i. Is v composite?
True
Let u(h) = -2354*h - 109. Is u(-7) a prime number?
True
Let z(l) = l**3 - 12*l**2 - 203*l + 152. Is z(45) a prime number?
False
Suppose -36 = -3*a + 5*a. Let f = -15 - a. Suppose -f*k - 35 = -914. Is k a composite number?
False
Let a = -784 + 1139. Suppose -11*l - a = -16*l. Is l a prime number?
True
Let t(n) = -2981*n - 1. Let w be t(-1). Suppose -3*m + w = 2*m. Suppose 3*d = -d + m. Is d a prime number?
True
Suppose 0 = -20*f - 10577 + 117717. Is f composite?
True
Suppose 17 = f + v, v = f - 4 - 13. Let r(s) = 1 + s**2 + 0*s**2 + f*s**3 - 2*s**2. Is r(2) composite?
True
Let f(o) = -o**2 + 10*o - 2. Let j be f(9). Suppose -1958 - 1829 = -j*i. Is i composite?
False
Suppose -194196 = 10*k - 22*k. Is k prime?
True
Let x(h) = -h**2 + 6*h - 9. Let w be x(7). Let g = 22 + w. Suppose -5*v - 255 = -5*a, -2*a - 198 = -g*a + v. Is a composite?
True
Suppose -4*l - 3*z + 66421 = 0, 6*l + z = 5*l + 16606. Is l composite?
False
Suppose 9*n = 3*n + 4536. Let i = 1083 - n. Is i a prime number?
False
Suppose v = b - 2461, -4*v + 12291 = 5*b - 2*v. Is b composite?
False
Let q be 758/(4/2) + 3. Suppose 2*h = -0*h + q. Is h composite?
False
Let q = -330 + 1308. Suppose 9*v = -q + 4416. Is v composite?
True
Let d be (5 - 1/1) + -1. Let q(t) = -3*t + 13. Let g be q(d). Suppose -1687 = 3*z - 6*z - g*j, 2765 = 5*z - 5*j. Is z prime?
True
Let a(h) = -h**3 - 8*h**2 + 3*h - 17. Let w be ((-42)/8)/(((-63)/24)/(-7)). Is a(w) a prime number?
True
Suppose -4*r - 660 = -f - 215, 5*f - 2225 = -5*r. Suppose 3*u - f = 1214. Is u a prime number?
False
Suppose o - 6 = -20. Let h be (-4)/o - (-6768)/28. Suppose h = -0*t + 2*t. Is t a prime number?
False
Suppose 0*n - 16 = -4*n. Suppose 4*c = -3*v + 5017, -3*v = -2*v - n*c - 1699. Is v a composite number?
True
Suppose 15 = 5*y - 2*y. Suppose -5*j + 2*a = -397, 0 = j - y*j - 3*a + 313. Is j a composite number?
False
Let t = 27 + -24. Suppose -o = -h + 1, -t*o - 10 = h + 3*h. Is (-3984)/(-20) + o/10 composite?
False
Let y(c) be the second derivative of -7*c + 1/2*c**3 + 0*c**4 + 1/2*c**2 + 3/20*c**5 + 0. Is y(5) composite?
True
Let f(j) = -3*j**3 - 5*j**2 - 3*j + 3. Suppose -5*w - 8 = 17, -3*v = -2*w - 1. Let o be f(v). Is o - (-1)/((-2)/(-2)) a composite number?
True
Suppose 4*c = 3*i + 18250, -3*i - 9114 = -2*c - 7*i. Is c prime?
True
Let g be (2 + 10/(-6))/((-4)/(-4188)). Suppose -3484 - g = -k. Is k a composite number?
False
Suppose -11*w + 181692 = 3*w. Suppose 4*d = 4*i + 4682 + w, 8818 = 2*d + 4*i. Is d a prime number?
False
Let i(b) = 71*b**3 - 4*b**2 + 54*b - 5. Is i(6) a prime number?
True
Let c(p) = 57*p + 1. Let u be c(1). Suppose 4*n - 131 = -9*o + 14*o, 73 = 2*n - 5*o. Suppose n = t - u. Is t composite?
True
Let x(t) = -68*t + 13*t**2 - 13 + 59*t - t**3 - 1. Let z(u) = 2*u + 4. Let r be z(4). Is x(r) prime?
False
Suppose 4*m + 2 = -5*k + 13, 4*k - 14 = 2*m. Suppose -k*j = -149 - 190. Is j composite?
False
Is (1 - 0)/(-2)*(-33778 + 20) a prime number?
True
Let x be (-2 - -2) + 0/(-6). Suppose 5*j = -x*j + 20. Suppose -6*f = -j*f - 206. Is f composite?
False
Let r be 32154/(-18) - (1 - 4/3). Let y = r + 2873. Is y prime?
True
Suppose -7*g + 59439 = -10022. Is g prime?
True
Suppose -565*f + 90714 = -559*f. Is f prime?
False
Suppose 0 = 4*f - 0*f - 1156. Let l = 19 + 6. Suppose 2*w = f + l. Is w a prime number?
True
Let k(i) = i**3 - 7*i**2 + 10*i + 2. Let y be k(5). Suppose -2*r + 2665 = o + 2*o, -y*o + 1774 = 4*r. Is o a composite number?
True
Let v = -66 - -99. Suppose -v*b = -38*b + 1985. Is b a composite number?
False
Let g(f) = -2*f + 1. Let p be g(-3). Suppose -2*a + p*a - 7335 = 0. Suppose -a - 127 = -2*o. Is o a prime number?
True
Let y(p) = -4*p**3 + 48*p**2 - 2*p - 7. Is y(7) a prime number?
False
Is (702510/120)/(2/8) a composite number?
False
Suppose 10*u + 3493 = -247. Let c = -225 - u. Is c prime?
True
Suppose 8 = 4*f - 8. Suppose 3*q = f*z - 2*z - 2060, 0 = -5*z + 5. Let m = q + 1093. Is m a composite number?
True
Let o(i) be the second derivative of 0 - 9/2*i**2 - 5/4*i**4 + 1/6*i**3 + 1/20*i**5 - 6*i. Is o(16) composite?
False
Suppose 5*o = -7*l + 4*l - 1, o = -5*l + 13. Suppose -a + 11 = l*s, -2*a + 4*s + 72 = -0*s. Is a composite?
True
Let y = -17 - -19. Let k be 601/5 + y/(-10). Suppose 4*h + 2*s = 126, -3*h - 22 = 5*s - k. Is h a prime number?
True
Let a = 21543 - -26756. Is a composite?
False
Suppose -34991 - 131630 = -7*v. Is v prime?
False
Let v(j) = -j**3 + 5*j**2 + 2*j - 3. Let g be v(4). Let x = -18 - -21. Suppose g = l + x*n, 0 = 5*l + 2*n - 5*n - 33. Is l prime?
False
Let f = -330 + 553. Is (0 - 0) + 4/(4/f) a prime number?
True
Let c = 21930 + -12293. Is c prime?
False
Let j(m) = m**3 + 13*m**2 - 16*m - 10. Let f be j(-13). Let x = 617 - f. Is x a composite number?
False
Let l = 1378 + 1011. Is l prime?
True
Let z(p) = p - 5. Let t be z(7). Suppose -k + 3*y + t*y + 25 = 0, 5*y + 25 = -k. Suppose k = -9*q + 6*q + 171. Is q a composite number?
True
Suppose 3*n - 5*x = 4*n - 20, 20 = 2*n + 5*x. Let f(y) = -y**3 - y**2 - y + 118. Is f(n) a prime number?
False
Suppose g + 2*n - 7837 = 0, -183*n + 185*n - 23495 = -3*g. Is g prime?
True
Suppose -2*f - 3*f = 4*u + 843, -f - 169 = u. Let k(x) = -x**3 + 15*x**2 - 5*x - 3. Let i be k(13). Let o = i + f. Is o a prime number?
True
Let j(q) = q**3 + 16*q**2 - 13*q - 1. Let t be -6*(30/(-4))/(-3). Is j(t) prime?
True
Let b(x) = x**2 - 9*x + 18. Let l be b(6). Suppose -3*p + 15 = l, k - 1586 = -2*k + 5*p. Is k a prime number?
False
Let u(f) = -14*f - 23. Let w be u(-7). Suppose -4*d + 7*d - w = 0. Is d a composite number?
True
Let j(k) be the first derivative of 279*k**4/2 + k**3 - 2*k + 20. Is j(1) a prime number?
False
Let z(k) = 5*k**2 + 11*k + 23. Is z(-7) composite?
False
Let r = -9992 - -46179. Is r prime?
True
Is 541/((-1 - (0 - -3)) + 5) composite?
False
Let r(k) = -k**2 + 16*k + 14519. Is r(0) a prime number?
True
Let j(u) = 6*u**2 - 14*u + 111. Is j(37) a composite number?
True
Suppose 2 - 6 = 2*m, 2*c = 3*m + 6. Let x(t) = 2*t**3 + 2*t**2 + 679. Is x(c) prime?
False
Let b(p) = -p**2 + 17*p + 13. Let w be b(17). Let n be (2/(-4))/(w/(-26)). Is n/(-2)*-8 - -127 prime?
True
Let j be (-3)/(-3 - 0) + 3. Suppose -4*b = 4*f, b + b = j*f. Is 29*44/4 + f composite?
True
Let w(p) = 1409*p**2. Let n = -86 - -85. Is w(n) a composite number?
False
Let v be 0*2*(-3)/12. Suppose -5*o + o + 5*z + 1445 = v, 4*o + 5*z = 1475. Let p = o + -128. Is p prime?
False
Suppose 409*f - 411*f + 15279 = 3*y, 4*f + 4*y - 30568 = 0. Is f prime?
False
Let t = -735 + 1766. Is t composite?
False
Let o = 168131 - 98910. Is o composite?
False
Let v(j) = j**3 + 3*j**2 - 4*j + 5. Let b be v(-4). Let h(k) = 6*k - 6*k**3 - 10*k + b*